10
In base 15, what is 15 - 4?
11
In base 4, what is -1303 - 0?
-1303
In base 12, what is -2 + -3031?
-3033
In base 10, what is 322 - -1?
323
In base 5, what is -10 + -2313?
-2323
In base 2, what is -101 + -10100000011?
-10100001000
In base 13, what is 0 - 2?
-2
In base 13, what is 1 + -38?
-37
In base 5, what is 20 - 322?
-302
In base 5, what is -12232 - -34?
-12143
In base 7, what is -3 - 201?
-204
In base 2, what is 11 - -110010101?
110011000
In base 13, what is -2 + -601?
-603
In base 14, what is 22 - 50?
-2c
In base 8, what is -2 - 1234?
-1236
In base 11, what is 11 - 21?
-10
In base 4, what is 0 + -201020?
-201020
In base 15, what is -1 + -24c?
-24d
In base 12, what is 3 - 333?
-330
In base 10, what is -137 + -17?
-154
In base 11, what is 7 - -14?
20
In base 11, what is -19 - 54?
-72
In base 3, what is -11020 + -120?
-11210
In base 7, what is -3201 + -4?
-3205
In base 12, what is 0 + 210?
210
In base 6, what is -1202 + 30?
-1132
In base 14, what is 30 - 6?
28
In base 15, what is -7 - c3b?
-c43
In base 4, what is 332002 + 1?
332003
In base 10, what is 4 - -19?
23
In base 6, what is 123 - 1051?
-524
In base 16, what is -2c + -a?
-36
In base 13, what is 0 - 7c?
-7c
In base 16, what is -65 + -1?
-66
In base 8, what is 142 - -17?
161
In base 16, what is -13 + -4f?
-62
In base 6, what is 3054 + 4?
3102
In base 12, what is -209 - -6?
-203
In base 9, what is -1035 + 4?
-1031
In base 16, what is -1ec + -1?
-1ed
In base 6, what is 313 - 3?
310
In base 13, what is -262 - -2?
-260
In base 8, what is 3 - 36?
-33
In base 16, what is 3 + -4?
-1
In base 7, what is -411 + -4?
-415
In base 7, what is 11 - 636?
-625
In base 11, what is -416 - -5?
-411
In base 4, what is 20110 - -2?
20112
In base 2, what is -1000110 - -101?
-1000001
In base 5, what is -22010 - 3?
-22013
In base 13, what is -3992 + -3?
-3995
In base 15, what is -d10 - -6?
-d09
In base 4, what is 20 - 2213?
-2133
In base 6, what is -123 + 5?
-114
In base 7, what is -46 - 303?
-352
In base 11, what is 5 + 36?
40
In base 5, what is 203 + -21?
132
In base 14, what is 2b + -13?
18
In base 6, what is -4 + 210?
202
In base 2, what is -1001011001 - 1?
-1001011010
In base 5, what is -1 - 143040?
-143041
In base 2, what is -1101 + -111110?
-1001011
In base 8, what is 2 - 262?
-260
In base 15, what is 0 - -40?
40
In base 11, what is -3a + 141?
102
In base 2, what is 11 + 11100?
11111
In base 8, what is -4 - 7?
-13
In base 5, what is -131 + -141?
-322
In base 16, what is 2e - -db?
109
In base 11, what is 2085 + 2?
2087
In base 11, what is -234 + -3?
-237
In base 9, what is 1 + 25?
26
In base 14, what is -d - 9?
-18
In base 13, what is 52 + 1?
53
In base 12, what is 5 + 632?
637
In base 12, what is -a + 103b?
1031
In base 3, what is 11010022 - -2?
11010101
In base 2, what is -101 + -111110?
-1000011
In base 7, what is 1032 + 24?
1056
In base 7, what is 124 - 0?
124
In base 4, what is -302 + 33?
-203
In base 12, what is 2659 + 0?
2659
In base 3, what is 220100 + 0?
220100
In base 16, what is 5 + 4e3?
4e8
In base 16, what is 1 + 2aa?
2ab
In base 5, what is 2 + 23?
30
In base 6, what is -5 - 411?
-420
In base 13, what is 1855 - 0?
1855
In base 16, what is 139 + 2?
13b
In base 7, what is 5 + 5260?
5265
In base 5, what is -1322 - -4?
-1313
In base 12, what is -2ab + -4?
-2b3
In base 12, what is 2a - 5a?
-30
In base 14, what is 8 + 5?
d
In base 14, what is d66 - -4?
d6a
In base 15, what is -260 - -5?
-25a
In base 5, what is 1210 + -12?
1143
In base 12, what is 5 - -938?
941
In base 6, what is -24 - 24?
-52
In base 8, what is -330 - -117?
-211
In base 5, what is -222 + 332?
110
In base 10, what is -57 - -47?
-10
In base 15, what is -6 + -19?
-20
In base 8, what is 227 - -5?
234
In base 2, what is -1110001100 + -11?
-1110001111
In base 8, what is -4 + -16?
-22
In base 13, what is b - 3?
8
In base 11, what is 38a - -20?
3aa
In base 8, what is 37 - 3?
34
In base 3, what is 10 - -202201?
202211
In base 5, what is 242132 - 10?
242122
In base 13, what is 88 - -2?
8a
In base 4, what is -31333 - 11?
-32010
In base 16, what is 72 - -4?
76
In base 12, what is 3 - -97?
9a
In base 16, what is 3 + 177?
17a
In base 13, what is -3 + -83?
-86
In base 5, what is 11323 - -10?
11333
In base 10, what is -3783 + 1?
-3782
In base 14, what is 5 + -2cb?
-2c6
In base 14, what is 5 - 1b?
-16
In base 7, what is -224265 + 4?
-224261
In base 13, what is 22 - -6?
28
In base 9, what is -4 - -30?
25
In base 8, what is -3 - 2306?
-2311
In base 6, what is -2 + -35343?
-35345
In base 3, what is 12 - 122?
-110
In base 2, what is -110110110 + 0?
-110110110
In base 12, what is -66 + -17?
-81
In base 3, what is 0 + 211?
211
In base 7, what is 50 - -540?
620
In base 13, what is 4a + 1?
4b
In base 10, what is -3 - -667?
664
In base 6, what is 5 - 4341?
-4332
In base 8, what is 1 + 271?
272
In base 8, what is -10 + 6?
-2
In base 11, what is 962 + 12?
974
In base 3, what is 111 - 211211?
-211100
In base 7, what is 302 + -2?
300
In base 10, what is 0 - 5782?
-5782
In base 15, what is 5a + -4?
56
In base 12, what is -9 + -268?
-275
In base 13, what is -103 + 4?
-cc
In base 10, what is -2 + -23?
-25
In base 13, what is -136 - -3?
-133
In base 8, what is -110 - 35?
-145
In base 15, what is 6 + 5?
b
In base 13, what is 1 + -21c?
-21b
In base 15, what is 5ac - 4?
5a8
In base 7, what is -4526 - 3?
-4532
In base 3, what is -220101 + 20?
-220011
In base 6, what is 5 + 1004?
1013
In base 7, what is 0 - 14066?
-14066
In base 8, what is -511 - 5?
-516
In base 10, what is -6 - 25?
-31
In base 11, what is 17a - 4?
176
In base 8, what is -3 - -136?
133
In base 15, what is -4 + -a7?
-ab
In base 6, what is -43052 - -5?
-43043
In base 3, what is -10 + -1112?
-1122
In base 11, what is 2a - 1?
29
In base 16, what is 1 + -7?
-6
In base 12, what is -2 - 31?
-33
In base 15, what is 0 - 160?
-160
In base 5, what is -3220 + 4?
-3211
In base 6, what is 1322 + -1?
1321
In base 11, what is 12 + -165?
-153
In base 12, what is 319 - -4?
321
In base 14, what is 21 - 32?
-11
In base 14, what is 2 - -4c?
50
In base 10, what is -45 + -140?
-185
In base 8, what is -7 + 631?
622
In base 6, what is -553 - -3?
-550
In base 14, what is 2 + 4?
6
In base 7, what is -3 + 106?
103
In base 13, what is 0 + 89?
89
In base 5, what is -11 - 20?
-31
In base 2, what is -10110011110 + -101?
-10110100011
In base 3, what is -21022 - 10?
-21102
In base 3, what is 11 - -11021222?
11022010
In base 2, what is 10 + 1011101?
1011111
In base 11, what is -4 - 52?
-56
In base 9, what is -335 + -2?
-337
In base 15, what is -3 - 19?
-1c
In base 4, what is -3 - 3131?
-3200
In base 7, what is -4 - -60?
53
In base 7, what is -5 + 50?
42
In base 16, what is -6 - -1d?
17
In base 12, what is 27 + -5?
22
In base 14, what is -7 + 15?
c
In base 7, what is 5 - -1356?
1364
In base 9, what is 50 - -6?
56
In base 16, what is 7c2 + -2?
7c0
In base 5, what is -4440 + -1?
-4441
In base 7, what is 1221 + 4?
1225
In base 13, what is -114 + -4?
-118
In base 6, what is 20055 - 4?
20051
In base 12, what is 3 + -553?
-550
In base 13, what is 16 - -b4?
ca
In base 8, what is 63 - 4?
57
In base 12, what is -148 + -6?
-152
In base 6, what is 5 + 130?
135
In base 14, what is 5c + 15?
73
In base 8, what is -5 - 110?
-115
In base 16, what is -ae + 4?
-aa
In base 8, what is 7 - 363?
-354
In base 12, what is 121 - -2?
123
In base 14, what is -7c - -4?
-78
In base 5, what is -1202244 - -3?
-1202241
In base 12, what is -83 - 7?
-8a
In base 15, what is -1a7 + 3?
-1a4
In base 5, what is -33412 + -4?
-33421
In base 3, what is -20201 - -12?
-20112
In base 2, what is 11 + -11000110?
-11000011
In base 3, what is -10211210 - -12?
-10211121
In base 13, what is 237 + 4?
23b
In base 9, what is 1852 + 0?
1852
In base 10, what is -6 - 6?
-12
In base 8, what is -64 + -34?
-120
In base 6, what is 4045 + 32?
4121
In base 14, what is -121 + 4?
-11b
In base 11, what is -5 + -30?
-35
In base 3, what is 1112 + -11?
1101
In base 16, what is 32 + -d1?
-9f
In base 3, what is 210 - 12?
121
In base 10, what is -8 + 7?
-1
In base 8, what is 5 - 17?
-12
In base 13, what is 28c - 2?
28a
In base 6, what is -1122 + 4?
-1114
In base 9, what is 13657 + -2?
13655
In base 3, what is 21 + -100?
-2
In base 9, what is 74 + -118?
-34
In base 10, what is -818 - 32?
-850
In base 15